 be the first derivative of -5*r**3/3 + 4*r**2 - 8*r - 61. Let p(i) = 6*a(i) + d(i). Determine p(-4).
0
Let f(j) = -j. Let q(n) = n + 11. Let u be q(-5). Let h(k) = -5*k + 14. Let b(t) = u*f(t) - h(t). Let r(g) = -g**2 + 9*g + 10. Let y be r(10). What is b(y)?
-14
Suppose -2*m + k + 359 - 16 = 0, 0 = -5*m - 5*k + 895. Let p(x) = x**2 - m*x - 1 - 1 + 169*x. Calculate p(4).
-6
Let x(c) = -c**3 + 20*c**2 - 42*c + 43. Let m(j) = j**2 - 9*j. Let o(y) = -6*m(y) + x(y). Calculate o(15).
-2
Suppose -2*j + 6424 = -13*j. Let d = 576 + j. Let f(a) = a. Give f(d).
-8
Let p = -57 + 59. Suppose -4*k - 11 = 3*t, -2*t + 12 = p*t. Let s be 3 + -10 - -6 - (k + -1). Let o(c) = -2*c + 5. Calculate o(s).
-5
Let g = 473 + -468. Let b(f) = -f**2 + 2*f + 12. Calculate b(g).
-3
Let j(v) = -49*v + 1072. Let b be j(22). Let s(d) = -4*d - 32. What is s(b)?
-8
Let q(i) = i - 5. Suppose -11*f = -12*f - 5*b + 438, 2232 = 5*f + 4*b. Suppose f*l = 453*l + 20. Give q(l).
-9
Let s = 15 - 33. Let v = s + 22. Let t(c) = 13*c - 6*c**2 + v*c + 9*c - 27*c. What is t(1)?
-7
Let b be 72/30*6*2/(-36)*10. Let y(s) be the third derivative of s**5/120 + s**4/4 + s**3/3 + 2*s**2. Let o(t) be the first derivative of y(t). What is o(b)?
-2
Suppose -6 = f - c - 0*c, 5*c + 10 = 0. Let a(j) = 3*j**3 + 47*j**2 + 50*j - 7. Let m(z) = 4*z**3 + 62*z**2 + 66*z - 9. Let x(n) = 13*a(n) - 10*m(n). Give x(f).
15
Let x(v) = -4*v + 28. Suppose 14033*t - 14011*t = -91 - 107. Calculate x(t).
64
Suppose -9*l + 15 = -4*l. Suppose -2*r + 4*x + 83 = 19, 5*r + l*x = 212. Let m = r - 32. Let a(z) = -z**3 + 7*z**2 + 9*z - 6. What is a(m)?
2
Let p(z) = -60*z - 15. Let c be p(-3). Suppose 0 = -163*t + c*t - 14. Let f(i) be the first derivative of -i**3/3 + 7*i**2/2 - 1. Determine f(t).
0
Suppose -1172*h + 8 = -1173*h - 2*v, 5 = -4*h - 11*v. Let m(l) = -8*l - 213. Determine m(h).
-5
Let d be (63/(-4))/3 - 250/(-200). Let z(t) = 8*t - 11. Calculate z(d).
-43
Let d(h) = -h**2 - 3*h + 3. Suppose 0 = -b - n - 273, -4*b + 3*b = -2*n + 288. Let v = b - -274. Determine d(v).
-1
Let q(w) = -57 + 64 - 26*w + 7*w + 4*w. Give q(-1).
22
Let n(u) = -u**2 + 11*u - 23. Let b(t) = -78*t - 2879. Let i be b(-37). Determine n(i).
5
Let o(h) = -142*h**2 + 3*h - 1. Let k(a) = 171*a**2 - 2*a + 1. Let i(f) = 5*k(f) + 6*o(f). What is i(-6)?
59
Suppose 6*u - 3*i - 23 = 2*u, 3*i = -3. Let o be (u/15)/(41/21 + -2). Let y(n) = 27*n + 5 - 5*n**2 + 6*n**2 - 18*n. Calculate y(o).
-9
Let j(v) = -4*v + 40. Let g = -854 + 863. Determine j(g).
4
Let f(k) = k**3 - 3*k**2 - 3*k + 2. Let d = -133 - -138. Suppose 3*y - 8 = 2*y + 3*n, d*y - 12 = n. Calculate f(y).
-8
Let l be -2 - (0 - 1)*-1*-25. Suppose l + 42 = -13*u. Let b(g) be the first derivative of g**2/2 + 1. Calculate b(u).
-5
Let z(k) = -129*k**2 - 641*k + 15. Let f be z(-5). Let o(n) = n**2 - 4*n - 10. Determine o(f).
35
Let s(p) = 9 - 2153598*p - p**2 + 58 + 9 + 2153611*p. Give s(17).
8
Let s(x) be the third derivative of x**4/8 - x**3/2 - 7*x**2 + 197. Calculate s(2).
3
Let z(h) = -11*h**2 - 12*h - 14. Let y(w) = 3*w**2 + w + 3. Let f(a) = 3*y(a) + z(a). Give f(-9).
-86
Let s(j) be the second derivative of -4 - 3*j + 4*j**2 + 1/2*j**3. Determine s(-6).
-10
Let j be 0/(1 - 3)*(-2 + 1). Suppose -27*p + 19*p + 32 = j. Let s(x) = x - 3*x + 0*x - 4 + 9. Determine s(p).
-3
Let c(z) = -10*z - 74. Suppose -w = -2*d + 17, 4*w + 33 = d - 0. Give c(w).
-4
Suppose 4*l - 5*j - 40 = -2*j, -5*l + 50 = -2*j. Let x be -2*(0 + (-5)/l) - 19. Let f(m) = -m**3 - 19*m**2 - 16*m + 29. Calculate f(x).
-7
Let s(z) be the second derivative of z**5/4 - z**4/6 - z**3/2 + 5*z**2/2 + 5*z - 40. Give s(2).
31
Let c be ((-65)/55)/((-75)/825). Let u(b) = -4*b - 8*b - b + b**2 + 9. Give u(c).
9
Let y(m) be the first derivative of 7/3*m**3 + m**2 + 1/4*m**4 - 45 + 5*m. Determine y(-7).
-9
Let k(z) = z**2 - 3*z + 3. Suppose 9*u + u + 10 = 0. Let w be (u - -4)/((-15)/100). Let s = 23 + w. Calculate k(s).
3
Let f be 108/450*-25 + 14/2. Let v(d) = -d**3 - 4*d**2 - 2*d + 3. Let u be v(-3). Let i(s) = u*s**2 + s + 0*s - s**2. Calculate i(f).
0
Let t(v) = -4*v**2 + 8*v + 1. Let m(p) be the second derivative of 7*p**4/12 - 17*p**3/6 - p**2/2 - 6*p + 1. Let k(h) = 3*m(h) + 5*t(h). Calculate k(8).
-22
Let n(t) be the first derivative of 3*t - 18 + t**3 + 1/2*t**2. Give n(3).
33
Suppose -232 = -100*a + 468. Let y(w) = 6*w + 14. Determine y(a).
56
Suppose 0 = -3*g + 15, 13*g - 8*g - 13 = 2*w. Let k(v) = v**2 - 8*v + 19. Calculate k(w).
7
Let n(r) be the second derivative of -r**3/6 - r**2 + 2*r - 501. Let k be -5*(6/(-10))/1. Suppose -k*q = a - 0*a + 20, -2*q - 16 = 2*a. What is n(q)?
4
Let f(t) = -5*t**2 + t + 2. Let o(m) = m + m**2 - m. Let i = 714 + -720. Let x(w) = i*o(w) - f(w). Determine x(-2).
-4
Let d(l) be the third derivative of -l**6/120 + 3*l**5/20 - l**4/3 - l**3/3 + l**2. Let u(s) = -107*s + 21. Let i be u(2). Let y = i + 201. Give d(y).
-2
Suppose -o + 2 - 7 = 0. Let l(y) = 3*y - 5. Let i(g) = 8*g - 11. Let w(c) = 2*i(c) - 5*l(c). What is w(o)?
-2
Let x(a) be the second derivative of 7*a**4/2 - a**3/3 + a**2 - 1850*a. What is x(1)?
42
Let l(u) = 0 + 2 - 2*u**2 - 5 - 5*u + u**2. Suppose 0 = -5*c - 0*c + 15, 2*m + 3*c + 1 = 0. Let p be (4 + -3)*(m - -2). Give l(p).
3
Let m(p) = 8*p**3. Let n be m(1). Let q = 3 - n. Let a(h) = -351*h + 2 + 355*h + 1. What is a(q)?
-17
Let i(q) = -5*q - 7. Let r = 1749 - 1757. Give i(r).
33
Let f(l) = l**2 - 8*l + 15. Suppose -m + 42 = -5*s, m + 4*s + 40 - 19 = 0. Calculate f(m).
8
Let t(u) = -u**3 + 5*u**2 + 5*u + 10. Let d(q) = -4*q**3 + 15*q**2 + 15*q + 33. Let i(k) = -2*d(k) + 7*t(k). Let c be 2/(-7) + 38/(-14). Determine i(c).
7
Let r(a) = -8*a**3 + 5*a**2 + a + 5. Let u(w) = 9*w**3 - 4*w**2 - w - 4. Let m(n) = -3*r(n) - 4*u(n). Let l be ((-1)/(-2)*286/143)/(-1 + 0). Calculate m(l).
13
Let c(h) = 101*h - 297. Let p be c(3). Let t(j) = j - 6. What is t(p)?
0
Let s(r) = -r**3 - 2*r**2 + 15*r + 6. Let b = 3482 - 3487. What is s(b)?
6
Let q be 70/(-315) - -2*130/36. Let f(k) = -k**3 + 7*k**2 - k - 16. Determine f(q).
-23
Let r(a) be the third derivative of -a**5/30 + 5*a**3/2 - 2*a**2 - 639*a. Give r(-3).
-3
Let r be 1/(4 - (-30)/(-8)). Suppose -r*s + 12 = -8. Let d(t) = -3*t + 0*t + s*t + 1 + 1. What is d(-6)?
-10
Let y(b) = 20*b**2. Let u(j) = -j**3 + 10*j**2 + 13*j - 21. Let k = -82 + 93. Let v be u(k). Determine y(v).
20
Suppose -236 + 37 = 294*d + 754 + 517. Let i(l) be the second derivative of -5*l**3/6 + 3*l**2 + l. What is i(d)?
31
Let h be (96/16 - 6)/(-1) - (0 - -9). Let i(y) = -y**2 - 9*y - 11. Let a(w) = -w**2 - 9*w - 10. Let z(r) = 6*a(r) - 5*i(r). Calculate z(h).
-5
Let z(q) be the third derivative of q**4/6 - q**3/6 - 2*q**2. Let c = 113457 + -113451. Give z(c).
23
Let y be 231/(-7)*(-3)/9. Suppose -y - 11 = -11*p. Let r(i) = 3*i**2 + i - 8. Calculate r(p).
6
Let l(n) = -4*n**2 + n**3 + 6417 - 4*n + 6411 - 19247 + 6409. Determine l(5).
-5
Let y(v) = -6*v - 1. Let d be y(1). Let z(a) = -2*a + 14 - 5 - 16 + 8 - 8. Give z(d).
7
Let z = -30990 - -31004. Let v(i) = -i**2 + 16*i - 20. Give v(z).
8
Let w(z) = -9*z + 18*z + 14 + 2*z - 4*z - z. Calculate w(-3).
-4
Let d(f) = f**2 + 585*f + 3471. Let o be d(-6). Let h(s) = -3*s**3 + 6*s + 2. Determine h(o).
65
Let d(i) = 13*i + 14. Let q(k) = -k - 1. Let w(c) = -d(c) - 12*q(c). Let a(z) = z**3 + 5*z**2 + 7*z + 6. Let m be a(-4). What is w(m)?
4
Let k(i) = -i**2 + i + 3. Let j(t) = t**3 + 26*t**2 + 23*t - 32. Let z be j(-25). Suppose 6*f = -0*f + z. What is k(f)?
-3
Let o(d) = -12*d + 14. Let r(y) = y + 4. Let m(f) = -o(f) - 8*r(f). What is m(20)?
34
Let j(o) = 6*o**2 - o. Suppose -53041*t + 53029*t = -12. Calculate j(t).
5
Suppose -5 = -17*r + 22*r. Let v(c) = 12*c + 14. Let i be v(r). Let f(j) = -5*j + 5. Let g(a) = 2*a - 2. Let y(h) = -3*f(h) - 7*g(h). Calculate y(i).
1
Let j(b) = -71 - 42 + 65 - 3*b + 4. What is j(-12)?
-8
Let v(w) be the first derivative of -w**3/3 - 3*w**2 - w - 1. Let x(h) = -h**2 - h + 45. Let a be x(0). Let q be 2 - ((-48)/(-15))/(18/a). Determine v(q).
-1
Let v(g) = -g**3 - g**2 - 2. Let y = -24478 + 24480. What is v(y)?
-14
Suppose 0 = 5*k - 3*t - 15, 286*t = 282*t - 20. Let l(d) = -d**3 + 2*d - 5. Determine l(k).
-5
Suppose 26 = 2*o + 6. Suppose -x = -3*x + o. Let q(j) be the third derivative of j**5/60 - j*